{"id":267,"date":"2014-05-26T09:36:58","date_gmt":"2014-05-25T23:36:58","guid":{"rendered":"https:\/\/metguard.com\/wordpress\/?page_id=267"},"modified":"2014-05-26T09:36:58","modified_gmt":"2014-05-25T23:36:58","slug":"zuhause","status":"publish","type":"page","link":"https:\/\/metguard.com\/?lang=de","title":{"rendered":"Zuhause"},"content":{"rendered":"<p>Nach Jahren von Entwicklung und Erprobung unter Zuhilfenahme verschiedener Materialien wurde das \u00fcberragendste Werkzeug zum Schutz vor Verletzungen des Mittelfu\u00dfknochens entwickelt. Durch diese f\u00fcr den MetGuard patentierten Technologien und Materialien erhalten Sie einen leichten und bequemen Schutz f\u00fcr die Oberseite des Fu\u00dfes, welcher in alle Arbeitsstiefel mit Sicherheitszehen passt.<\/p>\n<p>Auf weltweite Schlagz\u00e4higkeitnormen des Mittelfu\u00dfknochens getestet ist Metguard, das von der Kanga Tuff konstruiert wurde, die erste Wahl zur Abschirmung und zum Schutz des Mittelfu\u00dfknochens der Angestellten im Arbeitsplatz geworden.<\/p>\n","protected":false},"excerpt":{"rendered":"<p>Nach Jahren von Entwicklung und Erprobung unter Zuhilfenahme verschiedener Materialien wurde das \u00fcberragendste Werkzeug zum Schutz vor Verletzungen des Mittelfu\u00dfknochens entwickelt. Durch diese f\u00fcr den MetGuard patentierten Technologien und Materialien erhalten Sie einen leichten und bequemen Schutz f\u00fcr die Oberseite des Fu\u00dfes, welcher in alle Arbeitsstiefel mit Sicherheitszehen passt. Auf weltweite Schlagz\u00e4higkeitnormen des Mittelfu\u00dfknochens getestet ist Metguard, das von der Kanga Tuff konstruiert wurde, die erste Wahl zur Abschirmung und zum Schutz des Mittelfu\u00dfknochens der Angestellten im Arbeitsplatz geworden.<\/p>\n","protected":false},"author":1,"featured_media":0,"parent":0,"menu_order":0,"comment_status":"open","ping_status":"open","template":"template-home.php","meta":{"_acf_changed":false,"footnotes":""},"class_list":["post-267","page","type-page","status-publish","hentry"],"acf":[],"yoast_head":"<!-- This site is optimized with the Yoast SEO plugin v27.5 - https:\/\/yoast.com\/product\/yoast-seo-wordpress\/ -->\n<title>Zuhause - Metguard<\/title>\n<meta name=\"robots\" content=\"index, follow, max-snippet:-1, max-image-preview:large, max-video-preview:-1\" \/>\n<link rel=\"canonical\" href=\"https:\/\/metguard.com\/?lang=de\" \/>\n<meta property=\"og:locale\" content=\"en_US\" \/>\n<meta property=\"og:type\" content=\"article\" \/>\n<meta property=\"og:title\" content=\"Zuhause - Metguard\" \/>\n<meta property=\"og:description\" content=\"Nach Jahren von Entwicklung und Erprobung unter Zuhilfenahme verschiedener Materialien wurde das \u00fcberragendste Werkzeug zum Schutz vor Verletzungen des Mittelfu\u00dfknochens entwickelt. Durch diese f\u00fcr den MetGuard patentierten Technologien und Materialien erhalten Sie einen leichten und bequemen Schutz f\u00fcr die Oberseite des Fu\u00dfes, welcher in alle Arbeitsstiefel mit Sicherheitszehen passt. Auf weltweite Schlagz\u00e4higkeitnormen des Mittelfu\u00dfknochens getestet ist Metguard, das von der Kanga Tuff konstruiert wurde, die erste Wahl zur Abschirmung und zum Schutz des Mittelfu\u00dfknochens der Angestellten im Arbeitsplatz geworden.\" \/>\n<meta property=\"og:url\" content=\"https:\/\/metguard.com\/?lang=de\" \/>\n<meta property=\"og:site_name\" content=\"Metguard\" \/>\n<meta name=\"twitter:card\" content=\"summary_large_image\" \/>\n<script type=\"application\/ld+json\" class=\"yoast-schema-graph\">{\"@context\":\"https:\\\/\\\/schema.org\",\"@graph\":[{\"@type\":\"WebPage\",\"@id\":\"https:\\\/\\\/metguard.com\\\/?lang=de\",\"url\":\"https:\\\/\\\/metguard.com\\\/?lang=de\",\"name\":\"Zuhause - Metguard\",\"isPartOf\":{\"@id\":\"https:\\\/\\\/metguard.com\\\/#website\"},\"datePublished\":\"2014-05-25T23:36:58+00:00\",\"breadcrumb\":{\"@id\":\"https:\\\/\\\/metguard.com\\\/?lang=de#breadcrumb\"},\"inLanguage\":\"en-US\",\"potentialAction\":[{\"@type\":\"ReadAction\",\"target\":[\"https:\\\/\\\/metguard.com\\\/?lang=de\"]}]},{\"@type\":\"BreadcrumbList\",\"@id\":\"https:\\\/\\\/metguard.com\\\/?lang=de#breadcrumb\",\"itemListElement\":[{\"@type\":\"ListItem\",\"position\":1,\"name\":\"Home\",\"item\":\"https:\\\/\\\/metguard.com\\\/\"},{\"@type\":\"ListItem\",\"position\":2,\"name\":\"Zuhause\"}]},{\"@type\":\"WebSite\",\"@id\":\"https:\\\/\\\/metguard.com\\\/#website\",\"url\":\"https:\\\/\\\/metguard.com\\\/\",\"name\":\"Metguard\",\"description\":\"Worker foot protection\",\"potentialAction\":[{\"@type\":\"SearchAction\",\"target\":{\"@type\":\"EntryPoint\",\"urlTemplate\":\"https:\\\/\\\/metguard.com\\\/?s={search_term_string}\"},\"query-input\":{\"@type\":\"PropertyValueSpecification\",\"valueRequired\":true,\"valueName\":\"search_term_string\"}}],\"inLanguage\":\"en-US\"}]}<\/script>\n<!-- \/ Yoast SEO plugin. -->","yoast_head_json":{"title":"Zuhause - Metguard","robots":{"index":"index","follow":"follow","max-snippet":"max-snippet:-1","max-image-preview":"max-image-preview:large","max-video-preview":"max-video-preview:-1"},"canonical":"https:\/\/metguard.com\/?lang=de","og_locale":"en_US","og_type":"article","og_title":"Zuhause - Metguard","og_description":"Nach Jahren von Entwicklung und Erprobung unter Zuhilfenahme verschiedener Materialien wurde das \u00fcberragendste Werkzeug zum Schutz vor Verletzungen des Mittelfu\u00dfknochens entwickelt. Durch diese f\u00fcr den MetGuard patentierten Technologien und Materialien erhalten Sie einen leichten und bequemen Schutz f\u00fcr die Oberseite des Fu\u00dfes, welcher in alle Arbeitsstiefel mit Sicherheitszehen passt. Auf weltweite Schlagz\u00e4higkeitnormen des Mittelfu\u00dfknochens getestet ist Metguard, das von der Kanga Tuff konstruiert wurde, die erste Wahl zur Abschirmung und zum Schutz des Mittelfu\u00dfknochens der Angestellten im Arbeitsplatz geworden.","og_url":"https:\/\/metguard.com\/?lang=de","og_site_name":"Metguard","twitter_card":"summary_large_image","schema":{"@context":"https:\/\/schema.org","@graph":[{"@type":"WebPage","@id":"https:\/\/metguard.com\/?lang=de","url":"https:\/\/metguard.com\/?lang=de","name":"Zuhause - Metguard","isPartOf":{"@id":"https:\/\/metguard.com\/#website"},"datePublished":"2014-05-25T23:36:58+00:00","breadcrumb":{"@id":"https:\/\/metguard.com\/?lang=de#breadcrumb"},"inLanguage":"en-US","potentialAction":[{"@type":"ReadAction","target":["https:\/\/metguard.com\/?lang=de"]}]},{"@type":"BreadcrumbList","@id":"https:\/\/metguard.com\/?lang=de#breadcrumb","itemListElement":[{"@type":"ListItem","position":1,"name":"Home","item":"https:\/\/metguard.com\/"},{"@type":"ListItem","position":2,"name":"Zuhause"}]},{"@type":"WebSite","@id":"https:\/\/metguard.com\/#website","url":"https:\/\/metguard.com\/","name":"Metguard","description":"Worker foot protection","potentialAction":[{"@type":"SearchAction","target":{"@type":"EntryPoint","urlTemplate":"https:\/\/metguard.com\/?s={search_term_string}"},"query-input":{"@type":"PropertyValueSpecification","valueRequired":true,"valueName":"search_term_string"}}],"inLanguage":"en-US"}]}},"_links":{"self":[{"href":"https:\/\/metguard.com\/index.php?rest_route=\/wp\/v2\/pages\/267","targetHints":{"allow":["GET"]}}],"collection":[{"href":"https:\/\/metguard.com\/index.php?rest_route=\/wp\/v2\/pages"}],"about":[{"href":"https:\/\/metguard.com\/index.php?rest_route=\/wp\/v2\/types\/page"}],"author":[{"embeddable":true,"href":"https:\/\/metguard.com\/index.php?rest_route=\/wp\/v2\/users\/1"}],"replies":[{"embeddable":true,"href":"https:\/\/metguard.com\/index.php?rest_route=%2Fwp%2Fv2%2Fcomments&post=267"}],"version-history":[{"count":1,"href":"https:\/\/metguard.com\/index.php?rest_route=\/wp\/v2\/pages\/267\/revisions"}],"predecessor-version":[{"id":268,"href":"https:\/\/metguard.com\/index.php?rest_route=\/wp\/v2\/pages\/267\/revisions\/268"}],"wp:attachment":[{"href":"https:\/\/metguard.com\/index.php?rest_route=%2Fwp%2Fv2%2Fmedia&parent=267"}],"curies":[{"name":"wp","href":"https:\/\/api.w.org\/{rel}","templated":true}]}}