{"id":254,"date":"2014-05-26T09:13:47","date_gmt":"2014-05-25T23:13:47","guid":{"rendered":"https:\/\/metguard.com\/wordpress\/?page_id=254"},"modified":"2014-05-26T09:13:47","modified_gmt":"2014-05-25T23:13:47","slug":"maison","status":"publish","type":"page","link":"https:\/\/metguard.com\/?lang=fr","title":{"rendered":"Maison"},"content":{"rendered":"<p>Des ann\u00e9es de conception technique et de tests sur diff\u00e9rents mat\u00e9riaux ont produit le meilleur dispositif de protection du m\u00e9tatarse. Cette technologie brevet\u00e9e et les mat\u00e9riaux utilis\u00e9s pour la fabrication de MetGuard en font un dispositif de protection du dessus du pied confortable, l\u00e9ger et con\u00e7u pour s&#8217;adapter \u00e0 tous types de chaussures de s\u00e9curit\u00e9 renforc\u00e9es.<\/p>\n<p>Test\u00e9 d&#8217;apr\u00e8s les normes mondiales de r\u00e9sistance aux chocs m\u00e9tatarsiens, MetGuard, con\u00e7u par Kanga Tuff, est devenu le choix privil\u00e9gi\u00e9 sur le lieu de travail<\/p>\n","protected":false},"excerpt":{"rendered":"<p>Des ann\u00e9es de conception technique et de tests sur diff\u00e9rents mat\u00e9riaux ont produit le meilleur dispositif de protection du m\u00e9tatarse. Cette technologie brevet\u00e9e et les mat\u00e9riaux utilis\u00e9s pour la fabrication de MetGuard en font un dispositif de protection du dessus du pied confortable, l\u00e9ger et con\u00e7u pour s&#8217;adapter \u00e0 tous types de chaussures de s\u00e9curit\u00e9 renforc\u00e9es. Test\u00e9 d&#8217;apr\u00e8s les normes mondiales de r\u00e9sistance aux chocs m\u00e9tatarsiens, MetGuard, con\u00e7u par Kanga Tuff, est devenu le choix privil\u00e9gi\u00e9 sur le lieu de travail<\/p>\n","protected":false},"author":1,"featured_media":0,"parent":0,"menu_order":0,"comment_status":"open","ping_status":"open","template":"template-home.php","meta":{"_acf_changed":false,"footnotes":""},"class_list":["post-254","page","type-page","status-publish","hentry"],"acf":[],"yoast_head":"<!-- This site is optimized with the Yoast SEO plugin v27.5 - https:\/\/yoast.com\/product\/yoast-seo-wordpress\/ -->\n<title>Maison - Metguard<\/title>\n<meta name=\"robots\" content=\"index, follow, max-snippet:-1, max-image-preview:large, max-video-preview:-1\" \/>\n<link rel=\"canonical\" href=\"https:\/\/metguard.com\/?lang=fr\" \/>\n<meta property=\"og:locale\" content=\"en_US\" \/>\n<meta property=\"og:type\" content=\"article\" \/>\n<meta property=\"og:title\" content=\"Maison - Metguard\" \/>\n<meta property=\"og:description\" content=\"Des ann\u00e9es de conception technique et de tests sur diff\u00e9rents mat\u00e9riaux ont produit le meilleur dispositif de protection du m\u00e9tatarse. Cette technologie brevet\u00e9e et les mat\u00e9riaux utilis\u00e9s pour la fabrication de MetGuard en font un dispositif de protection du dessus du pied confortable, l\u00e9ger et con\u00e7u pour s&#8217;adapter \u00e0 tous types de chaussures de s\u00e9curit\u00e9 renforc\u00e9es. Test\u00e9 d&#8217;apr\u00e8s les normes mondiales de r\u00e9sistance aux chocs m\u00e9tatarsiens, MetGuard, con\u00e7u par Kanga Tuff, est devenu le choix privil\u00e9gi\u00e9 sur le lieu de travail\" \/>\n<meta property=\"og:url\" content=\"https:\/\/metguard.com\/?lang=fr\" \/>\n<meta property=\"og:site_name\" content=\"Metguard\" \/>\n<meta name=\"twitter:card\" content=\"summary_large_image\" \/>\n<script type=\"application\/ld+json\" class=\"yoast-schema-graph\">{\"@context\":\"https:\\\/\\\/schema.org\",\"@graph\":[{\"@type\":\"WebPage\",\"@id\":\"https:\\\/\\\/metguard.com\\\/?lang=fr\",\"url\":\"https:\\\/\\\/metguard.com\\\/?lang=fr\",\"name\":\"Maison - Metguard\",\"isPartOf\":{\"@id\":\"https:\\\/\\\/metguard.com\\\/#website\"},\"datePublished\":\"2014-05-25T23:13:47+00:00\",\"breadcrumb\":{\"@id\":\"https:\\\/\\\/metguard.com\\\/?lang=fr#breadcrumb\"},\"inLanguage\":\"en-US\",\"potentialAction\":[{\"@type\":\"ReadAction\",\"target\":[\"https:\\\/\\\/metguard.com\\\/?lang=fr\"]}]},{\"@type\":\"BreadcrumbList\",\"@id\":\"https:\\\/\\\/metguard.com\\\/?lang=fr#breadcrumb\",\"itemListElement\":[{\"@type\":\"ListItem\",\"position\":1,\"name\":\"Home\",\"item\":\"https:\\\/\\\/metguard.com\\\/\"},{\"@type\":\"ListItem\",\"position\":2,\"name\":\"Maison\"}]},{\"@type\":\"WebSite\",\"@id\":\"https:\\\/\\\/metguard.com\\\/#website\",\"url\":\"https:\\\/\\\/metguard.com\\\/\",\"name\":\"Metguard\",\"description\":\"Worker foot protection\",\"potentialAction\":[{\"@type\":\"SearchAction\",\"target\":{\"@type\":\"EntryPoint\",\"urlTemplate\":\"https:\\\/\\\/metguard.com\\\/?s={search_term_string}\"},\"query-input\":{\"@type\":\"PropertyValueSpecification\",\"valueRequired\":true,\"valueName\":\"search_term_string\"}}],\"inLanguage\":\"en-US\"}]}<\/script>\n<!-- \/ Yoast SEO plugin. -->","yoast_head_json":{"title":"Maison - Metguard","robots":{"index":"index","follow":"follow","max-snippet":"max-snippet:-1","max-image-preview":"max-image-preview:large","max-video-preview":"max-video-preview:-1"},"canonical":"https:\/\/metguard.com\/?lang=fr","og_locale":"en_US","og_type":"article","og_title":"Maison - Metguard","og_description":"Des ann\u00e9es de conception technique et de tests sur diff\u00e9rents mat\u00e9riaux ont produit le meilleur dispositif de protection du m\u00e9tatarse. Cette technologie brevet\u00e9e et les mat\u00e9riaux utilis\u00e9s pour la fabrication de MetGuard en font un dispositif de protection du dessus du pied confortable, l\u00e9ger et con\u00e7u pour s&#8217;adapter \u00e0 tous types de chaussures de s\u00e9curit\u00e9 renforc\u00e9es. Test\u00e9 d&#8217;apr\u00e8s les normes mondiales de r\u00e9sistance aux chocs m\u00e9tatarsiens, MetGuard, con\u00e7u par Kanga Tuff, est devenu le choix privil\u00e9gi\u00e9 sur le lieu de travail","og_url":"https:\/\/metguard.com\/?lang=fr","og_site_name":"Metguard","twitter_card":"summary_large_image","schema":{"@context":"https:\/\/schema.org","@graph":[{"@type":"WebPage","@id":"https:\/\/metguard.com\/?lang=fr","url":"https:\/\/metguard.com\/?lang=fr","name":"Maison - Metguard","isPartOf":{"@id":"https:\/\/metguard.com\/#website"},"datePublished":"2014-05-25T23:13:47+00:00","breadcrumb":{"@id":"https:\/\/metguard.com\/?lang=fr#breadcrumb"},"inLanguage":"en-US","potentialAction":[{"@type":"ReadAction","target":["https:\/\/metguard.com\/?lang=fr"]}]},{"@type":"BreadcrumbList","@id":"https:\/\/metguard.com\/?lang=fr#breadcrumb","itemListElement":[{"@type":"ListItem","position":1,"name":"Home","item":"https:\/\/metguard.com\/"},{"@type":"ListItem","position":2,"name":"Maison"}]},{"@type":"WebSite","@id":"https:\/\/metguard.com\/#website","url":"https:\/\/metguard.com\/","name":"Metguard","description":"Worker foot protection","potentialAction":[{"@type":"SearchAction","target":{"@type":"EntryPoint","urlTemplate":"https:\/\/metguard.com\/?s={search_term_string}"},"query-input":{"@type":"PropertyValueSpecification","valueRequired":true,"valueName":"search_term_string"}}],"inLanguage":"en-US"}]}},"_links":{"self":[{"href":"https:\/\/metguard.com\/index.php?rest_route=\/wp\/v2\/pages\/254","targetHints":{"allow":["GET"]}}],"collection":[{"href":"https:\/\/metguard.com\/index.php?rest_route=\/wp\/v2\/pages"}],"about":[{"href":"https:\/\/metguard.com\/index.php?rest_route=\/wp\/v2\/types\/page"}],"author":[{"embeddable":true,"href":"https:\/\/metguard.com\/index.php?rest_route=\/wp\/v2\/users\/1"}],"replies":[{"embeddable":true,"href":"https:\/\/metguard.com\/index.php?rest_route=%2Fwp%2Fv2%2Fcomments&post=254"}],"version-history":[{"count":1,"href":"https:\/\/metguard.com\/index.php?rest_route=\/wp\/v2\/pages\/254\/revisions"}],"predecessor-version":[{"id":255,"href":"https:\/\/metguard.com\/index.php?rest_route=\/wp\/v2\/pages\/254\/revisions\/255"}],"wp:attachment":[{"href":"https:\/\/metguard.com\/index.php?rest_route=%2Fwp%2Fv2%2Fmedia&parent=254"}],"curies":[{"name":"wp","href":"https:\/\/api.w.org\/{rel}","templated":true}]}}